{"id":458,"date":"2022-02-28T15:36:24","date_gmt":"2022-02-28T15:36:24","guid":{"rendered":"http:\/\/tennis.sg-weiterstadt.de\/?page_id=458"},"modified":"2022-03-18T19:32:40","modified_gmt":"2022-03-18T19:32:40","slug":"archiv-2020","status":"publish","type":"page","link":"https:\/\/tennis.sg-weiterstadt.de\/?page_id=458","title":{"rendered":"Archiv 2020"},"content":{"rendered":"\n<h3 class=\"wp-block-heading\">Tennishalle ab dem 09.11. wieder er\u00f6ffnet &#8211; Einzel erlaubt<\/h3>\n\n\n\n<p>Gute Nachrichten f\u00fcr alle Tennisspieler &#8211; bereits seit dem 06.11. ist das Tennis spielen zu den letzten bekannten Bedingungen in Hessen wieder erlaubt. <br>Auch unsere Halle wird ab Montag den 09.11. somit wieder ge\u00f6ffnet sein. <br>Lediglich Einzel sind erlaubt unter Einhaltung unseres angepassten <a href=\"https:\/\/tennis.sg-weiterstadt.de\/?page_id=219\">Corona-Verhaltenskodex<\/a>. <\/p>\n\n\n\n<p>Durch kurzfristig bestellte Umbauarbeiten, der SG Weiterstadt, die eigentlich w\u00e4hrend des Lock-Downs ausgef\u00fchrt werden sollten, kann es jedoch in den n\u00e4chsten Wochen zu eingeschr\u00e4nkter Verf\u00fcgbarkeit der Hallenpl\u00e4tze kommen. <\/p>\n\n\n\n<hr class=\"wp-block-separator is-style-dots\"\/>\n\n\n\n<h3 class=\"wp-block-heading\">Saisonabschluss am 27.09. ab 15:30 Uhr &#8211; abgesagt<\/h3>\n\n\n\n<p>Leider haben wir uns aufgrund der schlechten Wettervorhersage f\u00fcr Sonntag schweren Herzens dazu entschieden die Veranstaltung zum Saisonabschluss abzusagen.<\/p>\n\n\n\n<p>Wir hoffen bald wieder eine M\u00f6glichkeit f\u00fcr eine gemeinsame Veranstaltung zu finden. <\/p>\n\n\n\n<hr class=\"wp-block-separator is-style-dots\"\/>\n\n\n\n<h3 class=\"wp-block-heading\">Einladung Saisonabschluss<\/h3>\n\n\n\n<div class=\"wp-block-file\"><a id=\"wp-block-file--media-a9fe370c-3983-4557-9ef1-5ec117b59c4c\" href=\"blob:https:\/\/tennis.sg-weiterstadt.de\/48db6f10-d899-4bf1-91a2-6dea6dda2af9\">Einladung_Saisonabschluss_2020<\/a><a href=\"blob:https:\/\/tennis.sg-weiterstadt.de\/48db6f10-d899-4bf1-91a2-6dea6dda2af9\" class=\"wp-block-file__button\" download aria-describedby=\"wp-block-file--media-a9fe370c-3983-4557-9ef1-5ec117b59c4c\">Herunterladen<\/a><\/div>\n\n\n\n<hr class=\"wp-block-separator is-style-dots\"\/>\n\n\n\n<h3 class=\"wp-block-heading\">Tenniscamps in den Herbstferien<\/h3>\n\n\n\n<figure class=\"wp-block-image\"><a href=\"https:\/\/tennis.sg-weiterstadt.de\/?page_id=253\"><img loading=\"lazy\" decoding=\"async\" width=\"1024\" height=\"724\" src=\"https:\/\/tennis.sg-weiterstadt.de\/wp-content\/uploads\/2020\/09\/FLYER_Herbst-1-1024x724.jpg\" alt=\"\" class=\"wp-image-298\" srcset=\"https:\/\/tennis.sg-weiterstadt.de\/wp-content\/uploads\/2020\/09\/FLYER_Herbst-1-1024x724.jpg 1024w, https:\/\/tennis.sg-weiterstadt.de\/wp-content\/uploads\/2020\/09\/FLYER_Herbst-1-300x212.jpg 300w, https:\/\/tennis.sg-weiterstadt.de\/wp-content\/uploads\/2020\/09\/FLYER_Herbst-1-768x543.jpg 768w, https:\/\/tennis.sg-weiterstadt.de\/wp-content\/uploads\/2020\/09\/FLYER_Herbst-1-1536x1086.jpg 1536w, https:\/\/tennis.sg-weiterstadt.de\/wp-content\/uploads\/2020\/09\/FLYER_Herbst-1-1600x1131.jpg 1600w, https:\/\/tennis.sg-weiterstadt.de\/wp-content\/uploads\/2020\/09\/FLYER_Herbst-1.jpg 1754w\" sizes=\"auto, (max-width: 1024px) 100vw, 1024px\" \/><\/a><figcaption>Mehr unter Tennis-Camps!<\/figcaption><\/figure>\n\n\n\n<hr class=\"wp-block-separator is-style-dots\"\/>\n\n\n\n<h3 class=\"wp-block-heading\">Wiederer\u00f6ffnung der Tennisanlage<\/h3>\n\n\n\n<p>Wir freuen uns Euch mitzuteilen, dass in Absprache mit dem Gesamtvorstand die Tennisanlage ab Montag 11.05., 12 Uhr wieder f\u00fcr Mitglieder ge\u00f6ffnet sein wird! Um die Gesundheit aller Mitglieder zu sch\u00fctzen und die \u00d6ffnung der Pl\u00e4tze nicht durch eine neue Ansteckungswelle zu gef\u00e4hrden, gilt es einige Verhaltensrichtlinien zu beachten. Basierend auf Empfehlungen des DTB haben wir einen Verhaltenskodex erstellt. Diesen k\u00f6nnt Ihr <a href=\"https:\/\/tennis.sg-weiterstadt.de\/?page_id=219\">hier<\/a> einsehen und er ist ebenfalls auf der Anlage im Schaukasten zu finden. Bitte macht Euch mit den Regeln vertraut und befolgt diese, sowie die Anweisungen der Corona-Beauftragten.  <\/p>\n\n\n\n<p>Wir w\u00fcnschen Euch viel Spa\u00df beim Spielen und bleibt gesund,<\/p>\n\n\n\n<p>Der Vorstand der Tennisabteilung<\/p>\n\n\n\n<hr class=\"wp-block-separator is-style-dots\"\/>\n\n\n\n<figure class=\"wp-block-image size-large\"><img loading=\"lazy\" decoding=\"async\" width=\"1024\" height=\"724\" src=\"https:\/\/tennis.sg-weiterstadt.de\/wp-content\/uploads\/2020\/05\/Hinweistafel_fuer_Vereine_DINA4_schwarz_Logoschwarz-1024x724.jpg\" alt=\"\" class=\"wp-image-229\" srcset=\"https:\/\/tennis.sg-weiterstadt.de\/wp-content\/uploads\/2020\/05\/Hinweistafel_fuer_Vereine_DINA4_schwarz_Logoschwarz-1024x724.jpg 1024w, https:\/\/tennis.sg-weiterstadt.de\/wp-content\/uploads\/2020\/05\/Hinweistafel_fuer_Vereine_DINA4_schwarz_Logoschwarz-300x212.jpg 300w, https:\/\/tennis.sg-weiterstadt.de\/wp-content\/uploads\/2020\/05\/Hinweistafel_fuer_Vereine_DINA4_schwarz_Logoschwarz-768x543.jpg 768w, https:\/\/tennis.sg-weiterstadt.de\/wp-content\/uploads\/2020\/05\/Hinweistafel_fuer_Vereine_DINA4_schwarz_Logoschwarz-1536x1086.jpg 1536w, https:\/\/tennis.sg-weiterstadt.de\/wp-content\/uploads\/2020\/05\/Hinweistafel_fuer_Vereine_DINA4_schwarz_Logoschwarz-2048x1448.jpg 2048w, https:\/\/tennis.sg-weiterstadt.de\/wp-content\/uploads\/2020\/05\/Hinweistafel_fuer_Vereine_DINA4_schwarz_Logoschwarz-1600x1131.jpg 1600w\" sizes=\"auto, (max-width: 1024px) 100vw, 1024px\" \/><\/figure>\n\n\n\n<h3 class=\"wp-block-heading\">Saisoner\u00f6ffnung am 25.04. verschoben<\/h3>\n\n\n\n<p>Wie Einige sicherlich schon bef\u00fcrchtet haben, kann unsere Saisoner\u00f6ffnung aufgrund der aktuellen Situation nicht wie geplant am 25.04. stattfinden. Wir bedauern das sehr. Aufgeschoben ist aber nicht aufgehoben und wir planen dieses traditionelle Event nachzuholen, sobald es die Lage erm\u00f6glicht. <br>Updates dazu gibt es hier auf der Webseite, im Newsletter und auf unserem Instagram Kanal. <\/p>\n\n\n\n<hr class=\"wp-block-separator is-style-dots\"\/>\n\n\n\n<h3 class=\"wp-block-heading\">Saisoner\u00f6ffnung 2020<\/h3>\n\n\n\n<p>Auch dieses Jahr steht die Saisoner\u00f6ffnung wieder unter dem Motto &#8222;Deutschland spielt Tennis&#8220; des DTB. Herzlich eingeladen dazu sind alle Mitglieder der Abteilung Tennis und die, die es vielleicht werden m\u00f6chten.  <br>Neben einem Spa\u00df-Turnier mit wechselnden Partnern gibt es diesmal auch die M\u00f6glichkeit an einem Gewinnspiel des DTB teilzunehmen. Der Hauptpreis: eine Trainingsstunde mit der deutschen Nummer 1 im Damen Tennis, Angelique Kerber. <br>Auch f\u00fcr das leibliche Wohl ist gesorgt. <\/p>\n\n\n\n<hr class=\"wp-block-separator is-style-dots\"\/>\n\n\n\n<h3 class=\"wp-block-heading\"><strong>Arbeitseinsatz am 14.03.2020<\/strong><\/h3>\n\n\n\n<p>Am Samstag den 14.3. findet ein Arbeitseinsatz statt. Besonderes Augenmerk wird hier auf die Ballwand und ihre n\u00e4here Umgebung gelegt. Wir freuen uns ab 9 Uhr auf zahlreiche Helfer. Eigene Spaten k\u00f6nnen gerne mitgebracht werden.  <\/p>\n\n\n\n<hr class=\"wp-block-separator\"\/>\n\n\n\n<h2 class=\"wp-block-heading\">Berichte<\/h2>\n\n\n\n<p class=\"has-medium-font-size\"><strong>Neues aus der Tennisabteilung<\/strong><\/p>\n\n\n\n<p>Dieser Artikel erschien auch am 19.02.2020 in Ausgabe KW8 des Wochenkuriers (https:\/\/www.griesheimeranzeiger.de\/images\/stories\/archiv\/aktuell\/woku.pdf)<br><br>In der Jahreshauptversammlung der SGW Tennisabteilung im Januar, berichtete P. Scherf \u00fcber die vergangene Saison, in der neun Aktivenmannschaften und neun Jugendmannschaften an den Start gingen. Vier Jugendmannschaften erzielten hierbei erste Pl\u00e4tze. Weiter berichtete er \u00fcber die vielen Arbeitseins\u00e4tze in der Abteilung. Es wurde auf der Anlage sehr viel in freiwilliger Basis versch\u00f6nert<br>und pflegeleichter gestaltet. Danach folgten die Berichte der Sportwartin und des Jugendwartes, sowie der Kassenwartin. Nach der Entlastung des Vorstandes standen Neuwahlen an. P. Scherf, sowie viele andere Mitglieder des Vorstandes kandidierten nicht mehr, so dass neue Vorstandsmitglieder gefunden werden mussten. Der neue Vorstand im \u00dcberblick: 1.Vorsitzender, Martin Neumann.<br>2.Vorsitzende, Anke Berner. Kassenwartin, Jutta Janssen. Sportwart, Andreas Simon. Jugendwartin, Malin Janssen. Internet, Nina Oth. Schriftf\u00fchrer, Michael Maus. Wie die Mitarbeit als Vergn\u00fcgungsausschuss und Arbeitseinsatzleitung in der Abteilung aussehen kann, wird noch beraten. Mit dem Hinweis auf das Welcome Turnier der Tennisabteilung endete die Versammlung.<br>Der Einladung zum Welcometurnier, einem Begr\u00fc\u00dfungsturnier im neuen Jahr, f\u00fcr alle aktiven Abteilungsmitglieder, drei Tage sp\u00e4ter, kamen viele Abteilungsmitglieder nach. Mit wechselnden Paarungen wurden viele Runden gespielt. Auch das selbstgestaltete Fingerfood Buffet war reichhaltig best\u00fcckt. Mit einem gezogenen Zufallsergebnis gewann am Ende M. Neumann vor B. Kuhl und H. Fritsch das Turnier.<br>Bei den Tennisbezirksmeisterschaften der J\u00fcngsten im Februar, konnte Til Wilke den zweiten Platz belegen. Im Finale musste er sich, nach gewonnenem ersten Satz, leider im Championstiebreak des dritten Satzes mit 7-10 geschlagen geben. Einen tollen dritten Platz belegte Timo Kochem. Ungesetzt bezwang er im Viertelfinale die Nr. 3 der Setzliste in zwei S\u00e4tzen. Scheiterte dann aber im Halbfinale, nach umk\u00e4mpften ersten Satz, gegen seinen Teamkamerad T. Wilke.<\/p>\n","protected":false},"excerpt":{"rendered":"<p>Tennishalle ab dem 09.11. wieder er\u00f6ffnet &#8211; Einzel erlaubt Gute Nachrichten f\u00fcr alle Tennisspieler &#8211; bereits seit dem 06.11. ist&hellip;<\/p>\n","protected":false},"author":1,"featured_media":0,"parent":0,"menu_order":0,"comment_status":"closed","ping_status":"closed","template":"","meta":{"footnotes":""},"class_list":["post-458","page","type-page","status-publish","hentry"],"_links":{"self":[{"href":"https:\/\/tennis.sg-weiterstadt.de\/index.php?rest_route=\/wp\/v2\/pages\/458","targetHints":{"allow":["GET"]}}],"collection":[{"href":"https:\/\/tennis.sg-weiterstadt.de\/index.php?rest_route=\/wp\/v2\/pages"}],"about":[{"href":"https:\/\/tennis.sg-weiterstadt.de\/index.php?rest_route=\/wp\/v2\/types\/page"}],"author":[{"embeddable":true,"href":"https:\/\/tennis.sg-weiterstadt.de\/index.php?rest_route=\/wp\/v2\/users\/1"}],"replies":[{"embeddable":true,"href":"https:\/\/tennis.sg-weiterstadt.de\/index.php?rest_route=%2Fwp%2Fv2%2Fcomments&post=458"}],"version-history":[{"count":0,"href":"https:\/\/tennis.sg-weiterstadt.de\/index.php?rest_route=\/wp\/v2\/pages\/458\/revisions"}],"wp:attachment":[{"href":"https:\/\/tennis.sg-weiterstadt.de\/index.php?rest_route=%2Fwp%2Fv2%2Fmedia&parent=458"}],"curies":[{"name":"wp","href":"https:\/\/api.w.org\/{rel}","templated":true}]}}