{"id":456,"date":"2022-02-28T15:36:15","date_gmt":"2022-02-28T15:36:15","guid":{"rendered":"http:\/\/tennis.sg-weiterstadt.de\/?page_id=456"},"modified":"2022-03-18T19:31:32","modified_gmt":"2022-03-18T19:31:32","slug":"archiv-2021","status":"publish","type":"page","link":"https:\/\/tennis.sg-weiterstadt.de\/?page_id=456","title":{"rendered":"Archiv 2021"},"content":{"rendered":"\n<h3 class=\"wp-block-heading\">Einladung Jugend-JHV und Night-Fun-Turnier<\/h3>\n\n\n\n<figure class=\"wp-block-image size-large\"><img loading=\"lazy\" decoding=\"async\" width=\"551\" height=\"776\" src=\"https:\/\/tennis.sg-weiterstadt.de\/wp-content\/uploads\/2021\/12\/Screenshot-2021-12-09-at-21.54.06.png\" alt=\"\" class=\"wp-image-420\" srcset=\"https:\/\/tennis.sg-weiterstadt.de\/wp-content\/uploads\/2021\/12\/Screenshot-2021-12-09-at-21.54.06.png 551w, https:\/\/tennis.sg-weiterstadt.de\/wp-content\/uploads\/2021\/12\/Screenshot-2021-12-09-at-21.54.06-213x300.png 213w\" sizes=\"auto, (max-width: 551px) 100vw, 551px\" \/><\/figure>\n\n\n\n<hr class=\"wp-block-separator is-style-dots\"\/>\n\n\n\n<h3 class=\"wp-block-heading\">Saisonabschluss 2021 &#8211; Afterwork-Fun-Turnier<\/h3>\n\n\n\n<p>Am 01. Oktober haben wir zum Saisonabschluss dieses Mal ein After-Work-Turnier unter Flutlicht f\u00fcr Euch geplant. Auch diese Mal steht nat\u00fcrlich der Spa\u00df und das gegenseitige Kennenlernen im Vordergrund. Spieler*innen aller Level sind herzlich willkommen. <\/p>\n\n\n\n<p>Wir starten ab 18 Uhr mit einem neuen Spa\u00df-Turniermodus. Es folgt gegen 20 Uhr die Siegerehrung der Vereinsmeisterschaften, bei welcher die Gewinner*innen geb\u00fchrend gefeiert werden. Anschlie\u00dfend k\u00f6nnt ihr euren Hunger mit bayrischer Kost stillen. Die Strapazen der Saison spielen wir uns bei Flutlicht raus und leiten das Wochenende gemeinsam ein.<\/p>\n\n\n\n<p>Wir freuen uns auf euch!<\/p>\n\n\n\n<hr class=\"wp-block-separator is-style-dots\"\/>\n\n\n\n<h3 class=\"wp-block-heading\">Herbstcamps &amp; Jugendvereinsmeisterschaft 2021<\/h3>\n\n\n\n<figure class=\"wp-block-image size-large is-resized\"><img loading=\"lazy\" decoding=\"async\" src=\"https:\/\/tennis.sg-weiterstadt.de\/wp-content\/uploads\/2021\/09\/WhatsApp-Image-2021-09-17-at-22.55.00-1024x724.jpeg\" alt=\"\" class=\"wp-image-401\" width=\"610\" height=\"431\" srcset=\"https:\/\/tennis.sg-weiterstadt.de\/wp-content\/uploads\/2021\/09\/WhatsApp-Image-2021-09-17-at-22.55.00-1024x724.jpeg 1024w, https:\/\/tennis.sg-weiterstadt.de\/wp-content\/uploads\/2021\/09\/WhatsApp-Image-2021-09-17-at-22.55.00-300x212.jpeg 300w, https:\/\/tennis.sg-weiterstadt.de\/wp-content\/uploads\/2021\/09\/WhatsApp-Image-2021-09-17-at-22.55.00-768x543.jpeg 768w, https:\/\/tennis.sg-weiterstadt.de\/wp-content\/uploads\/2021\/09\/WhatsApp-Image-2021-09-17-at-22.55.00.jpeg 1123w\" sizes=\"auto, (max-width: 610px) 100vw, 610px\" \/><figcaption>Ihr habt Lust euch auch nach der Team Tennis Saison noch mit euren Mitspielern zu messen und Spa\u00df zu haben? Dann meldet euch zu unseren Jugendvereinsmeisterschaften an!<\/figcaption><\/figure>\n\n\n\n<hr class=\"wp-block-separator is-style-dots\"\/>\n\n\n\n<h3 class=\"wp-block-heading\">Sommercamps<\/h3>\n\n\n\n<figure class=\"wp-block-image size-large\"><img loading=\"lazy\" decoding=\"async\" width=\"1024\" height=\"710\" src=\"https:\/\/tennis.sg-weiterstadt.de\/wp-content\/uploads\/2021\/07\/Screenshot-2021-07-11-at-21.09.39-1024x710.png\" alt=\"\" class=\"wp-image-394\" srcset=\"https:\/\/tennis.sg-weiterstadt.de\/wp-content\/uploads\/2021\/07\/Screenshot-2021-07-11-at-21.09.39-1024x710.png 1024w, https:\/\/tennis.sg-weiterstadt.de\/wp-content\/uploads\/2021\/07\/Screenshot-2021-07-11-at-21.09.39-300x208.png 300w, https:\/\/tennis.sg-weiterstadt.de\/wp-content\/uploads\/2021\/07\/Screenshot-2021-07-11-at-21.09.39-768x532.png 768w, https:\/\/tennis.sg-weiterstadt.de\/wp-content\/uploads\/2021\/07\/Screenshot-2021-07-11-at-21.09.39.png 1052w\" sizes=\"auto, (max-width: 1024px) 100vw, 1024px\" \/><\/figure>\n\n\n\n<hr class=\"wp-block-separator is-style-dots\"\/>\n\n\n\n<h3 class=\"wp-block-heading\">Offizielle Saisoner\u00f6ffnung unter dem Motto Deutschland spielt Tennis am 13.06. <\/h3>\n\n\n\n<p>Liebe Mitglieder,<br>endlich ist es so weit! Die Corona-Regeln lassen es zu, dass wir wieder gemeinsam Tennis spielen k\u00f6nnen. Wir freuen uns euch am 13.06. ab 11:30 Uhr zun\u00e4chst zu einem kleinen Sektempfang begr\u00fc\u00dfen zu d\u00fcrfen, nat\u00fcrlich drau\u00dfen und mit Abstand. Im Anschluss bieten wir sowohl f\u00fcr Mitglieder als auch neue Tennis-Interessierte einige Programmpunkte an. <\/p>\n\n\n\n<p><strong>F\u00fcr Mitglieder<\/strong> bieten wir im Anschluss an die gemeinsame Begr\u00fc\u00dfung bis ca. 15 Uhr wie gewohnt ein Doppel-Spa\u00df-Turnier an. Die Partner werden per Los zugeteilt und nach jeder Runde gewechselt &#8211; hier steht klar der Spa\u00df und das Zusammensein im Vordergrund und auch Spieler mit weniger Tennis-Erfahrung sind herzlich willkommen! Wir w\u00fcrden uns sehr freuen hier auch einige neue Mitglieder zu kennenzulernen. Wir achten dabei nat\u00fcrlich weiterhin auf die Einhaltung der noch bestehenden Corona-Regeln. F\u00fcr unsere j\u00fcngsten Mitglieder bieten wir einen spielerischen &#8222;Tennis-Zehnkampf &#8220; an. Auf alle Gewinner warten tolle Preise.<\/p>\n\n\n\n<p><strong>F\u00fcr Tennis-Interessierte<\/strong> aller Altersklassen bieten wir an diesem Tag von 12:30 Uhr bis 13:30 Uhr ein Schnupper-Training an. Schl\u00e4ger und B\u00e4lle werden nat\u00fcrlich zur Verf\u00fcgung gestellt. Bitte bringt aber geeignete Sportschuhe mit, die auch etwas &#8222;rot werden&#8220; k\u00f6nnen.<\/p>\n\n\n\n<p>Ab 15:30 Uhr k\u00f6nnt ihr euch dann zum freien Spiel verabreden. <br>F\u00fcr das leibliche Wohl werden wir Getr\u00e4nke zum Kauf anbieten. Zum Essen wird es Kleinigkeiten &#8222;auf die Hand&#8220; geben, die auch im Stehen gegessen werden k\u00f6nnen, am Nachmittag dann Kuchen. Hier freuen wir uns, wenn ihr uns unterst\u00fctzt und etwas zum Essensangebot beisteuert.<\/p>\n\n\n\n<p>Bei Fragen sprecht uns gerne einfach an.<\/p>\n\n\n\n<p>Wir freuen uns auf euch!<\/p>\n\n\n\n<p>Viele Gr\u00fc\u00dfe<br>Euer Vorstand<\/p>\n\n\n\n<hr class=\"wp-block-separator is-style-dots\"\/>\n\n\n\n<h3 class=\"wp-block-heading\">Aktuelle Regelungen f\u00fcr den Trainingsbetrieb<\/h3>\n\n\n\n<p>Hier findet ihr eine \u00dcbersicht \u00fcber die aktuell g\u00fcltigen Regelungen zum Trainingsbetrieb. Bei Fragen zu euren Trainings, wendet euch bitte an den zust\u00e4ndigen Trainer. Mehr allgemeine Infos gibt es <a href=\"https:\/\/www.htv-tennis.de\/tennis-bei-einer-inzidenz-\u00fcber-100.php\">hier<\/a> auf der Seite des Hessischen Tennis Verbands.<\/p>\n\n\n\n<figure class=\"wp-block-image\"><img loading=\"lazy\" decoding=\"async\" width=\"1024\" height=\"724\" src=\"https:\/\/tennis.sg-weiterstadt.de\/wp-content\/uploads\/2021\/05\/e9f4d7fe-86a0-4ec3-a4cd-a296c83901ac-1024x724.jpg\" alt=\"\" class=\"wp-image-380\" srcset=\"https:\/\/tennis.sg-weiterstadt.de\/wp-content\/uploads\/2021\/05\/e9f4d7fe-86a0-4ec3-a4cd-a296c83901ac-1024x724.jpg 1024w, https:\/\/tennis.sg-weiterstadt.de\/wp-content\/uploads\/2021\/05\/e9f4d7fe-86a0-4ec3-a4cd-a296c83901ac-300x212.jpg 300w, https:\/\/tennis.sg-weiterstadt.de\/wp-content\/uploads\/2021\/05\/e9f4d7fe-86a0-4ec3-a4cd-a296c83901ac-768x543.jpg 768w, https:\/\/tennis.sg-weiterstadt.de\/wp-content\/uploads\/2021\/05\/e9f4d7fe-86a0-4ec3-a4cd-a296c83901ac.jpg 1123w\" sizes=\"auto, (max-width: 1024px) 100vw, 1024px\" \/><\/figure>\n\n\n\n<hr class=\"wp-block-separator is-style-default\"\/>\n\n\n\n<h3 class=\"wp-block-heading\">Jahreshauptversammlung der Abteilung Tennis am 20.01.2021<\/h3>\n\n\n\n<p>Liebe Mitglieder,<\/p>\n\n\n\n<p>wie bereits in der Blau-Gelb angek\u00fcndigt, findet unsere diesj\u00e4hrige Jahreshauptversammlung am 20.01.2021 statt. Aufgrund der aktuellen Situation ist es nat\u00fcrlich nicht m\u00f6glich, dass wir uns wie gewohnt in den Vereinsr\u00e4umen zusammenfinden. Stattdessen findet die Versammlung dieses Jahr \u00fcber Microsoft Teams statt. Unter <a href=\"https:\/\/teams.microsoft.com\/dl\/launcher\/launcher.html?url=%2F_%23%2Fl%2Fmeetup-join%2F19%3Ameeting_ZjdmNDQ2YjAtNTE4ZC00MjRiLTlkODAtNzcxMmY3NjZjOTk0%40thread.v2%2F0%3Fcontext%3D%257b%2522Tid%2522%253a%252238ae3bcd-9579-4fd4-adda-b42e1495d55a%2522%252c%2522Oid%2522%253a%2522cca5d9e0-5ece-466f-839d-8a1749088df8%2522%257d%26anon%3Dtrue&amp;type=meetup-join&amp;deeplinkId=1f5f5f36-2e7d-443b-80b6-031188af6b80&amp;directDl=true&amp;msLaunch=true&amp;enableMobilePage=true&amp;suppressPrompt=true\">diesem Link<\/a> k\u00f6nnt Ihr euch am Tag der Versammlung ab 19:45 Uhr einw\u00e4hlen, die JHV beginnt um 20 Uhr.<\/p>\n\n\n\n<p>Es muss weder eine Installation noch eine Anmeldung in Microsoft Teams vorgenommen werden. Hilfestellung zur Teilnahme an der Microsoft Team Sitzung findet ihr <a href=\"https:\/\/support.microsoft.com\/de-de\/office\/teilnehmen-an-einer-teams-besprechung-078e9868-f1aa-4414-8bb9-ee88e9236ee4\">hier<\/a> unter dem Punkt &#8222;Teilnehmen an einer Teams-Besprechung \u00fcber das Internet&#8220;, wobei die im Text erw\u00e4hnte E-Mail Einladung dem obenstehenden Link entspricht. <\/p>\n\n\n\n<p>Wir freuen uns auf eine rege Teilnahme,<br>Euer Vorstand der Abteilung Tennis<\/p>\n\n\n\n<hr class=\"wp-block-separator\"\/>\n\n\n\n<h2 class=\"wp-block-heading\">Berichte<\/h2>\n\n\n\n<figure class=\"wp-block-image size-large\"><img loading=\"lazy\" decoding=\"async\" width=\"640\" height=\"480\" src=\"https:\/\/tennis.sg-weiterstadt.de\/wp-content\/uploads\/2020\/11\/Tenniscamp.jpg\" alt=\"\" class=\"wp-image-310\" srcset=\"https:\/\/tennis.sg-weiterstadt.de\/wp-content\/uploads\/2020\/11\/Tenniscamp.jpg 640w, https:\/\/tennis.sg-weiterstadt.de\/wp-content\/uploads\/2020\/11\/Tenniscamp-300x225.jpg 300w\" sizes=\"auto, (max-width: 640px) 100vw, 640px\" \/><\/figure>\n\n\n\n<h3 class=\"wp-block-heading\"><strong>Tennis in den Sommerferien<\/strong><\/h3>\n\n\n\n<p><br>Diesen Sommer hat die Tennisabteilung der SG Weiterstadt sowohl f\u00fcr junge als auch \u00e4ltere Anf\u00e4nger und Fortgeschrittene Tenniscamps auf der Anlage am Aulenberg angeboten. Die Anmeldung erfolgte per E-Mail \u00fcber Tennis@sg-weiterstadt.de.<br>Losgelegt haben die \u201eStart-up Allrounder Kids\u201c in der zweiten Ferienwoche von 9-13 Uhr f\u00fcr Anf\u00e4ngerinnen bis 16 Jahre. Dort wurden die teilnehmenden Kinder durch unseren Tennistrainer Philip Langenhan spielerisch an den Tennissport herangef\u00fchrt. Gleich weiter ging es mit dem Camp \u201eStart-Up Basics\u201c. Hier handelte es sich um einen zweit\u00e4gigen Kurs f\u00fcr Anf\u00e4ngerinnen ab 16 Jahre abends von 19-21 Uhr zum Kennenlernen des Sports. Der Kurs<br> wurde weit \u00fcber die Mindestanzahl gebucht und bei bestem Wetter konnten die Interessierten ab 19 Uhr mit den Trainern Mario Platzer und Martin Neumann erste Erfahrungen sammeln.<br>In der darauffolgenden Ferienwoche fand das Jugendcamp f\u00fcr Fortgeschrittene sowie Turnierspielerinnen bis 18 Jahre vormittags von 9-12 Uhr statt. Dieses traditionsreiche Camp war komplett ausgebucht und erm\u00f6glichte dieses Jahr auch erstmalig die Teilnahme von Nicht- Vereinsmitgliedern. Die Kinder waren von den Trainern Michael Maus und Daniel Dussel durchgehend begeistert. Noch ausstehend ist der \u201eCrashkurs\u201c f\u00fcr Anf\u00e4ngerinnen ab 16 Jahre in der f\u00fcnften Ferienwoche.<br>Hier k\u00f6nnen montags bis freitags von 18-19:30 Uhr unter Anleitung von Ren\u00e9 Platzer die Grundschl\u00e4ge des Tennissports erlernt werden. Um eine gute Qualit\u00e4t des Trainings zu wahren, ist die Teilnehmerzahl auf acht Personen begrenzt. Leider ist der Kurs schon ausgebucht \u2013 eine Warteliste ist vorhanden.<br><br>Last but not least wird in derselben Woche f\u00fcr Fortgeschrittene sowie Turnierspielerinnen ab 18 Jahren das \u201eLate-Night-Camp\u201c von 19:30-21 Uhr angeboten. Ren\u00e9 Platzer bietet hier ein intensives einw\u00f6chiges Training f\u00fcr Schl\u00e4ge, Taktik und Koordination. Zus\u00e4tzlich l\u00e4uft in den letzten beiden Ferienwochen die Aktion \u201eBring your guest\u201c. In diesem Zeitraum kann ein Mitglied der Tennisabteilung mit einem Gast ohne Platzgeb\u00fchr auf der Anlage spielen. Wer also mal einen Bekannten, Freundin oder Nachbarin mitnehmen m\u00f6chte, um langfristig vielleicht noch einen \u201eSportsfreund\u201c zu gewinnen, kann das kostenlos ausprobieren. <br>Da das Interesse bei den Camps gro\u00df war und es sowohl den Teilnehmerinnen, als auch den Trainern viel Spa\u00df gemacht hat, versucht die Tennisabteilung auch in den Herbstferien wieder Camps anzubieten. Wer Interesse hat, kann sich auf der Homepage www.tennis.sg-weiterstadt.de informieren und sich gleich f\u00fcr den Newsletter anmelden.<\/p>\n","protected":false},"excerpt":{"rendered":"<p>Einladung Jugend-JHV und Night-Fun-Turnier Saisonabschluss 2021 &#8211; Afterwork-Fun-Turnier Am 01. Oktober haben wir zum Saisonabschluss dieses Mal ein After-Work-Turnier unter&hellip;<\/p>\n","protected":false},"author":1,"featured_media":0,"parent":0,"menu_order":0,"comment_status":"closed","ping_status":"closed","template":"","meta":{"footnotes":""},"class_list":["post-456","page","type-page","status-publish","hentry"],"_links":{"self":[{"href":"https:\/\/tennis.sg-weiterstadt.de\/index.php?rest_route=\/wp\/v2\/pages\/456","targetHints":{"allow":["GET"]}}],"collection":[{"href":"https:\/\/tennis.sg-weiterstadt.de\/index.php?rest_route=\/wp\/v2\/pages"}],"about":[{"href":"https:\/\/tennis.sg-weiterstadt.de\/index.php?rest_route=\/wp\/v2\/types\/page"}],"author":[{"embeddable":true,"href":"https:\/\/tennis.sg-weiterstadt.de\/index.php?rest_route=\/wp\/v2\/users\/1"}],"replies":[{"embeddable":true,"href":"https:\/\/tennis.sg-weiterstadt.de\/index.php?rest_route=%2Fwp%2Fv2%2Fcomments&post=456"}],"version-history":[{"count":0,"href":"https:\/\/tennis.sg-weiterstadt.de\/index.php?rest_route=\/wp\/v2\/pages\/456\/revisions"}],"wp:attachment":[{"href":"https:\/\/tennis.sg-weiterstadt.de\/index.php?rest_route=%2Fwp%2Fv2%2Fmedia&parent=456"}],"curies":[{"name":"wp","href":"https:\/\/api.w.org\/{rel}","templated":true}]}}