{"id":1797,"date":"2026-01-09T08:39:00","date_gmt":"2026-01-09T08:39:00","guid":{"rendered":"https:\/\/tennis.sg-weiterstadt.de\/?page_id=1797"},"modified":"2026-04-11T12:16:30","modified_gmt":"2026-04-11T12:16:30","slug":"archiv-2026","status":"publish","type":"page","link":"https:\/\/tennis.sg-weiterstadt.de\/?page_id=1797","title":{"rendered":"Archiv 2026"},"content":{"rendered":"\n<h3 class=\"wp-block-heading\">Es wurde gew\u00e4hlt!<\/h3>\n\n\n\n<p>Am 21. Januar haben wir uns im Raum Verneuil um unsere Jahreshauptversammlung abzuhalten. Wir haben zun\u00e4chst ein erfolgreiches 2025 Revue passieren lassen und bereits einen Vorgeschmack auf 2026 gegeben. Ein gro\u00dfes Ereignis ist beispielsweise Feier anl\u00e4sslich unseres 50-j\u00e4hrigen Abteilungsjubil\u00e4ums!<\/p>\n\n\n\n<p>Im Anschluss wurde der neue <a href=\"https:\/\/tennis.sg-weiterstadt.de\/?page_id=60\" data-type=\"page\" data-id=\"60\">Abteilungsvorstand<\/a> gew\u00e4hlt. <br>Wir haben unseren Vorstand etwas umbesetzt und ein paar neue und gleichzeitig alte Gesichter zur Unterst\u00fctzung dazugewonnen. Wir freuen uns bereits darauf, die kommenden Jahre mit euch zu gestalten!<\/p>\n\n\n\n<p>Das Protokoll findet ihr hier: <\/p>\n\n\n\n<div class=\"wp-block-file\"><a id=\"wp-block-file--media-e82e875a-83a5-4454-aa70-db5291664fd0\" href=\"https:\/\/tennis.sg-weiterstadt.de\/wp-content\/uploads\/2026\/02\/Protokoll_JHV_SGW_Tennis_21.01.2026.pdf\">Protokoll der JHV, SGW Tennis (21.01.2026)<\/a><\/div>\n\n\n\n<hr class=\"wp-block-separator has-alpha-channel-opacity is-style-dots\"\/>\n\n\n\n<h3 class=\"wp-block-heading\">Jahreshauptversammlung<\/h3>\n\n\n\n<p>Die n\u00e4chste Jahreshauptversammlung der Tennisabteilung findet am <strong>Mittwoch, den 21. Januar 2026 um 20 Uhr<\/strong> im Raum Verneuil (Restaurant Aulenberg &#8211; Vordereingang, erste T\u00fcr rechts) statt.<\/p>\n\n\n\n<p>Tagesordnung:<\/p>\n\n\n\n<ol class=\"wp-block-list\">\n<li>Begr\u00fc\u00dfung und Bericht des Abteilungsleiters<\/li>\n\n\n\n<li>Bericht des Jugend-\/Sportwarts<\/li>\n\n\n\n<li>Bericht der Kassenwartin<\/li>\n\n\n\n<li>Bericht der Kassenpr\u00fcfer<\/li>\n\n\n\n<li>Bericht des Arbeitseinsatzleiters<\/li>\n\n\n\n<li>Aussprache zu den Berichten<\/li>\n\n\n\n<li>Entlastung des Vorstandes<\/li>\n\n\n\n<li>Neuwahlen des Abteilungsvorstands\n<ul class=\"wp-block-list\">\n<li>Abteilungsleiter*in<\/li>\n\n\n\n<li>Stellv. Abteilungsleiter*in<\/li>\n\n\n\n<li>Kassenwart*in<\/li>\n\n\n\n<li>Jugendwart*in<\/li>\n\n\n\n<li>Sportwart*in<\/li>\n\n\n\n<li>Schriftf\u00fchrer*in<\/li>\n\n\n\n<li>Pressewart*in<\/li>\n<\/ul>\n<\/li>\n\n\n\n<li>Wahl der Kassenpr\u00fcfer<\/li>\n\n\n\n<li>Wahl der Beisitzer<\/li>\n\n\n\n<li>Wahl der Delegierten<\/li>\n\n\n\n<li>Antr\u00e4ge<\/li>\n\n\n\n<li>Verschiedenes<\/li>\n<\/ol>\n\n\n\n<p>Antr\u00e4ge m\u00fcssen drei Tage vor Beginn der Versammlung schriftlich beim Abteilungsleiter vorliegen.<\/p>\n","protected":false},"excerpt":{"rendered":"<p>Es wurde gew\u00e4hlt! Am 21. Januar haben wir uns im Raum Verneuil um unsere Jahreshauptversammlung abzuhalten. Wir haben zun\u00e4chst ein&hellip;<\/p>\n","protected":false},"author":1,"featured_media":0,"parent":0,"menu_order":0,"comment_status":"closed","ping_status":"closed","template":"","meta":{"footnotes":""},"class_list":["post-1797","page","type-page","status-publish","hentry"],"_links":{"self":[{"href":"https:\/\/tennis.sg-weiterstadt.de\/index.php?rest_route=\/wp\/v2\/pages\/1797","targetHints":{"allow":["GET"]}}],"collection":[{"href":"https:\/\/tennis.sg-weiterstadt.de\/index.php?rest_route=\/wp\/v2\/pages"}],"about":[{"href":"https:\/\/tennis.sg-weiterstadt.de\/index.php?rest_route=\/wp\/v2\/types\/page"}],"author":[{"embeddable":true,"href":"https:\/\/tennis.sg-weiterstadt.de\/index.php?rest_route=\/wp\/v2\/users\/1"}],"replies":[{"embeddable":true,"href":"https:\/\/tennis.sg-weiterstadt.de\/index.php?rest_route=%2Fwp%2Fv2%2Fcomments&post=1797"}],"version-history":[{"count":3,"href":"https:\/\/tennis.sg-weiterstadt.de\/index.php?rest_route=\/wp\/v2\/pages\/1797\/revisions"}],"predecessor-version":[{"id":1843,"href":"https:\/\/tennis.sg-weiterstadt.de\/index.php?rest_route=\/wp\/v2\/pages\/1797\/revisions\/1843"}],"wp:attachment":[{"href":"https:\/\/tennis.sg-weiterstadt.de\/index.php?rest_route=%2Fwp%2Fv2%2Fmedia&parent=1797"}],"curies":[{"name":"wp","href":"https:\/\/api.w.org\/{rel}","templated":true}]}}