{"id":16,"date":"2020-01-26T10:55:58","date_gmt":"2020-01-26T10:55:58","guid":{"rendered":"http:\/\/tennis.sg-weiterstadt.de\/?page_id=16"},"modified":"2026-04-11T12:31:21","modified_gmt":"2026-04-11T12:31:21","slug":"aktuelles","status":"publish","type":"page","link":"https:\/\/tennis.sg-weiterstadt.de\/?page_id=16","title":{"rendered":"Aktuelles"},"content":{"rendered":"\n<div class=\"wp-block-group\"><div class=\"wp-block-group__inner-container is-layout-flow wp-block-group-is-layout-flow\">\n<h3 class=\"wp-block-heading\">Tenniskindergarten in den Osterferien<\/h3>\n\n\n\n<p>In den Osterferien verwandelte sich die Tennisanlage in einen lebendigen Treffpunkt f\u00fcr sportbegeisterte Kinder: Der Tenniskindergarten der Tennisschule Amir war ein voller Erfolg. Unter der fachkundigen Leitung der Trainer Amir und Mario erlebten die jungen Teilnehmer eine Woche voller Bewegung, Spiel und Spa\u00df.<\/p>\n\n\n\n<p>Mit abwechslungsreichen \u00dcbungen und viel Engagement f\u00f6rderten die Trainer Koordination, Teamgeist und die Freude am Tennissport. Unvergessliche Eindr\u00fccke und begeisterte Kinder waren die Belohnung!<\/p>\n\n\n\n<p>Eine Wiederholung in den Sommerferien ist bereits mit gro\u00dfer Vorfreude zu erwarten, die genauen Termine findet ihr <a href=\"https:\/\/tennis.sg-weiterstadt.de\/?page_id=253\" data-type=\"page\" data-id=\"253\">hier<\/a>. Meldet eure Kinder gerne gleich jetzt \u00fcber <a href=\"mailto:info@ts-amir.de\">info@ts-amir.de<\/a> an!<\/p>\n\n\n\n<figure class=\"wp-block-gallery has-nested-images columns-default is-cropped wp-block-gallery-1 is-layout-flex wp-block-gallery-is-layout-flex\">\n<figure class=\"wp-block-image size-large\"><img loading=\"lazy\" decoding=\"async\" width=\"768\" height=\"1024\" data-id=\"1845\" src=\"https:\/\/tennis.sg-weiterstadt.de\/wp-content\/uploads\/2026\/04\/WhatsApp-Image-2026-04-11-at-08.43.51-1-768x1024.jpeg\" alt=\"\" class=\"wp-image-1845\" srcset=\"https:\/\/tennis.sg-weiterstadt.de\/wp-content\/uploads\/2026\/04\/WhatsApp-Image-2026-04-11-at-08.43.51-1-768x1024.jpeg 768w, https:\/\/tennis.sg-weiterstadt.de\/wp-content\/uploads\/2026\/04\/WhatsApp-Image-2026-04-11-at-08.43.51-1-225x300.jpeg 225w, https:\/\/tennis.sg-weiterstadt.de\/wp-content\/uploads\/2026\/04\/WhatsApp-Image-2026-04-11-at-08.43.51-1-1152x1536.jpeg 1152w, https:\/\/tennis.sg-weiterstadt.de\/wp-content\/uploads\/2026\/04\/WhatsApp-Image-2026-04-11-at-08.43.51-1.jpeg 1500w\" sizes=\"auto, (max-width: 768px) 100vw, 768px\" \/><\/figure>\n\n\n\n<figure class=\"wp-block-image size-large\"><img loading=\"lazy\" decoding=\"async\" width=\"768\" height=\"1024\" data-id=\"1846\" src=\"https:\/\/tennis.sg-weiterstadt.de\/wp-content\/uploads\/2026\/04\/WhatsApp-Image-2026-04-11-at-08.43.54-768x1024.jpeg\" alt=\"\" class=\"wp-image-1846\" srcset=\"https:\/\/tennis.sg-weiterstadt.de\/wp-content\/uploads\/2026\/04\/WhatsApp-Image-2026-04-11-at-08.43.54-768x1024.jpeg 768w, https:\/\/tennis.sg-weiterstadt.de\/wp-content\/uploads\/2026\/04\/WhatsApp-Image-2026-04-11-at-08.43.54-225x300.jpeg 225w, https:\/\/tennis.sg-weiterstadt.de\/wp-content\/uploads\/2026\/04\/WhatsApp-Image-2026-04-11-at-08.43.54-1152x1536.jpeg 1152w, https:\/\/tennis.sg-weiterstadt.de\/wp-content\/uploads\/2026\/04\/WhatsApp-Image-2026-04-11-at-08.43.54.jpeg 1200w\" sizes=\"auto, (max-width: 768px) 100vw, 768px\" \/><\/figure>\n\n\n\n<figure class=\"wp-block-image size-large\"><img loading=\"lazy\" decoding=\"async\" width=\"768\" height=\"1024\" data-id=\"1847\" src=\"https:\/\/tennis.sg-weiterstadt.de\/wp-content\/uploads\/2026\/04\/WhatsApp-Image-2026-04-11-at-08.43.52-1-768x1024.jpeg\" alt=\"\" class=\"wp-image-1847\" srcset=\"https:\/\/tennis.sg-weiterstadt.de\/wp-content\/uploads\/2026\/04\/WhatsApp-Image-2026-04-11-at-08.43.52-1-768x1024.jpeg 768w, https:\/\/tennis.sg-weiterstadt.de\/wp-content\/uploads\/2026\/04\/WhatsApp-Image-2026-04-11-at-08.43.52-1-225x300.jpeg 225w, https:\/\/tennis.sg-weiterstadt.de\/wp-content\/uploads\/2026\/04\/WhatsApp-Image-2026-04-11-at-08.43.52-1-1152x1536.jpeg 1152w, https:\/\/tennis.sg-weiterstadt.de\/wp-content\/uploads\/2026\/04\/WhatsApp-Image-2026-04-11-at-08.43.52-1.jpeg 1500w\" sizes=\"auto, (max-width: 768px) 100vw, 768px\" \/><\/figure>\n\n\n\n<figure class=\"wp-block-image size-large\"><img loading=\"lazy\" decoding=\"async\" width=\"1024\" height=\"646\" data-id=\"1848\" src=\"https:\/\/tennis.sg-weiterstadt.de\/wp-content\/uploads\/2026\/04\/WhatsApp-Image-2026-04-11-at-08.43.51-3-zug-1024x646.jpeg\" alt=\"\" class=\"wp-image-1848\" srcset=\"https:\/\/tennis.sg-weiterstadt.de\/wp-content\/uploads\/2026\/04\/WhatsApp-Image-2026-04-11-at-08.43.51-3-zug-1024x646.jpeg 1024w, https:\/\/tennis.sg-weiterstadt.de\/wp-content\/uploads\/2026\/04\/WhatsApp-Image-2026-04-11-at-08.43.51-3-zug-300x189.jpeg 300w, https:\/\/tennis.sg-weiterstadt.de\/wp-content\/uploads\/2026\/04\/WhatsApp-Image-2026-04-11-at-08.43.51-3-zug-768x484.jpeg 768w, https:\/\/tennis.sg-weiterstadt.de\/wp-content\/uploads\/2026\/04\/WhatsApp-Image-2026-04-11-at-08.43.51-3-zug.jpeg 1427w\" sizes=\"auto, (max-width: 1024px) 100vw, 1024px\" \/><\/figure>\n<\/figure>\n\n\n\n<hr class=\"wp-block-separator has-alpha-channel-opacity is-style-dots\"\/>\n\n\n\n<h3 class=\"wp-block-heading\">Einladung zur Saisoner\u00f6ffnung 2026<\/h3>\n\n\n\n<p>Sonnenbrille raus, Tennisschl\u00e4ger z\u00fccken und es kann losgehen! &#x1f60e;&#x2600;&#xfe0f;<\/p>\n\n\n\n<p>Wie angek\u00fcndigt l\u00e4uten wir am <strong>Sonntag, den 26. April ab 10.30 Uhr<\/strong> unter dem Motto \u201eDeutschland spielt Tennis\u201c die Au\u00dfensaison ein. Bei hoffentlich strahlendem Sonnenschein m\u00f6chten wir nicht nur unsere Mitglieder auf den Sandpl\u00e4tzen begr\u00fc\u00dfen, sondern auch als Tag der offenen T\u00fcr allen Interessierten einen Einblick in den wunderbaren Tennissport erm\u00f6glichen.<\/p>\n\n\n\n<p>Hier unser Schnupperangebot:<\/p>\n\n\n\n<figure class=\"wp-block-image size-full\"><img loading=\"lazy\" decoding=\"async\" width=\"874\" height=\"620\" src=\"https:\/\/tennis.sg-weiterstadt.de\/wp-content\/uploads\/2026\/03\/DST-Flyer.jpeg\" alt=\"\" class=\"wp-image-1832\" srcset=\"https:\/\/tennis.sg-weiterstadt.de\/wp-content\/uploads\/2026\/03\/DST-Flyer.jpeg 874w, https:\/\/tennis.sg-weiterstadt.de\/wp-content\/uploads\/2026\/03\/DST-Flyer-300x213.jpeg 300w, https:\/\/tennis.sg-weiterstadt.de\/wp-content\/uploads\/2026\/03\/DST-Flyer-768x545.jpeg 768w\" sizes=\"auto, (max-width: 874px) 100vw, 874px\" \/><\/figure>\n\n\n\n<p>F\u00fcr unsere Mitglieder starten nach eine kurzen Begr\u00fc\u00dfung direkt mit dem <strong>Doppelspa\u00dfturnier<\/strong>. Insbesondere alle Neumitglieder m\u00f6chten wir zum Vorbeischauen ermutigen \u2013 eine bessere Gelegenheit zum Kennenlernen gibt es nicht! Dieses Jahr begleitet mit Gutem vom Grill und einer ordentlichen Portion Tennis. &#x1f32d;&#x1f3be;<br><br>Wie immer sind eure k\u00f6stlichen&nbsp;<strong>Salat- und Nachtischspenden erw\u00fcnscht<\/strong>, um das Beilagenbuffet zu bereichern! &#x1f957;&#x1f370;<br><br>Wir freuen uns auf euch!<\/p>\n\n\n\n<p><em>Hinweis: F\u00fcr den Thekendienst werden wir wieder Arbeitseins\u00e4tze anbieten. Diese werden vorab <a href=\"https:\/\/tennis.sg-weiterstadt.de\/?page_id=95\" data-type=\"page\" data-id=\"95\">hier<\/a> und in unserer WhatsApp-Infogruppe zur Eintragung ausgeschrieben.<\/em><\/p>\n\n\n\n<hr class=\"wp-block-separator has-alpha-channel-opacity is-style-dots\"\/>\n\n\n\n<h3 class=\"wp-block-heading\">Tenniskindergarten 2026<\/h3>\n\n\n<div class=\"wp-block-image\">\n<figure class=\"aligncenter size-large\"><img loading=\"lazy\" decoding=\"async\" width=\"1024\" height=\"725\" src=\"https:\/\/tennis.sg-weiterstadt.de\/wp-content\/uploads\/2026\/02\/Flyer-Tenniskindergarten-2026-1024x725.jpeg\" alt=\"\" class=\"wp-image-1828\" srcset=\"https:\/\/tennis.sg-weiterstadt.de\/wp-content\/uploads\/2026\/02\/Flyer-Tenniskindergarten-2026-1024x725.jpeg 1024w, https:\/\/tennis.sg-weiterstadt.de\/wp-content\/uploads\/2026\/02\/Flyer-Tenniskindergarten-2026-300x212.jpeg 300w, https:\/\/tennis.sg-weiterstadt.de\/wp-content\/uploads\/2026\/02\/Flyer-Tenniskindergarten-2026-768x544.jpeg 768w, https:\/\/tennis.sg-weiterstadt.de\/wp-content\/uploads\/2026\/02\/Flyer-Tenniskindergarten-2026-1536x1087.jpeg 1536w, https:\/\/tennis.sg-weiterstadt.de\/wp-content\/uploads\/2026\/02\/Flyer-Tenniskindergarten-2026.jpeg 1588w\" sizes=\"auto, (max-width: 1024px) 100vw, 1024px\" \/><\/figure>\n<\/div>\n\n\n<hr class=\"wp-block-separator has-alpha-channel-opacity is-style-dots\"\/>\n\n\n\n<h3 class=\"wp-block-heading\">Anmeldung zum Sommertraining &#x1f31e;&#x1f3be;<\/h3>\n\n\n\n<p>Der Winter neigt sich dem Ende und das bedeutet: es wird Zeit, sich auf den Sommer vorzubereiten. Ein wichtiger Schritt ist hierbei, sich f\u00fcr das <strong>Sommertraining 2026 <\/strong>anzumelden!<\/p>\n\n\n\n<p>Wer am&nbsp;Sommertraining&nbsp;teilnehmen m\u00f6chte, muss sich&nbsp;<strong>bis sp\u00e4testens 20.03.<\/strong>&nbsp;bei der Tennisschule Amir \u00fcber&nbsp;<a href=\"mailto:info@ts-amir.de\">info@ts-amir.de<\/a> oder <a href=\"https:\/\/ts-amir.de\/#pricing\" data-type=\"link\" data-id=\"https:\/\/ts-amir.de\/#pricing\">hier<\/a> anmelden.<br>Grunds\u00e4tzlich bleiben die Gruppen aus dem Wintertraining bestehen. Gebt daher bei der Anmeldung bitte den bisherigen Trainingstag und die Uhrzeit mit an.<\/p>\n\n\n\n<p>Ihr erhaltet die Rechnung vor Trainingsbeginn, das Zahlungsziel liegt bei 14 Tagen nach Erhalt der Rechnung per E-Mail.<\/p>\n\n\n\n<p><strong>Du bist noch nicht im Training aber hast Interesse, mal reinzuschnuppern? <\/strong>Dann nutze den o.g. Kontakt gerne, um ein unverbindliches Schnuppertraining zu vereinbaren!<\/p>\n\n\n\n<hr class=\"wp-block-separator has-alpha-channel-opacity is-style-dots\"\/>\n\n\n\n<h3 class=\"wp-block-heading\">Veranstaltungen in 2026<\/h3>\n\n\n\n<p>Kalender raus und Stifte spitzen: die gro\u00dfen Veranstaltungstermine f\u00fcr dieses Jahr werden hier demn\u00e4chst ver\u00f6ffentlicht<\/p>\n\n\n\n<div class=\"wp-block-media-text alignwide is-stacked-on-mobile\" style=\"grid-template-columns:30% auto\"><figure class=\"wp-block-media-text__media\"><img loading=\"lazy\" decoding=\"async\" width=\"635\" height=\"635\" src=\"https:\/\/tennis.sg-weiterstadt.de\/wp-content\/uploads\/2022\/03\/Kalender_hellrot.jpg\" alt=\"\" class=\"wp-image-525 size-full\" srcset=\"https:\/\/tennis.sg-weiterstadt.de\/wp-content\/uploads\/2022\/03\/Kalender_hellrot.jpg 635w, https:\/\/tennis.sg-weiterstadt.de\/wp-content\/uploads\/2022\/03\/Kalender_hellrot-300x300.jpg 300w, https:\/\/tennis.sg-weiterstadt.de\/wp-content\/uploads\/2022\/03\/Kalender_hellrot-150x150.jpg 150w\" sizes=\"auto, (max-width: 635px) 100vw, 635px\" \/><\/figure><div class=\"wp-block-media-text__content\">\n<p style=\"font-size:16px\"><strong>26. April:<\/strong> Saisoner\u00f6ffnung unter dem Motto &#8222;Deutschland spielt Tennis&#8220;<\/p>\n\n\n\n<p><strong>08. August:<\/strong> 50 Jahre Tennisabteilung<\/p>\n\n\n\n<p style=\"font-size:16px\">Weitere folgen!<\/p>\n<\/div><\/div>\n\n\n\n<p>Wie immer erfahrt ihr alle wichtigen Details rechtzeitig hier, \u00fcber den Newsletter, unsere WhatsApp-Infogruppe und im Infokasten an Platz 10.<\/p>\n\n\n\n<hr class=\"wp-block-separator has-alpha-channel-opacity is-style-dots\"\/>\n\n\n\n<p>Alle \u00e4lteren Beitr\u00e4ge findet ihr im <a href=\"https:\/\/tennis.sg-weiterstadt.de\/?page_id=454\" data-type=\"page\" data-id=\"454\">Archiv<\/a>.<\/p>\n\n\n\n<div style=\"height:25px\" aria-hidden=\"true\" class=\"wp-block-spacer\"><\/div>\n<\/div><\/div>\n","protected":false},"excerpt":{"rendered":"<p>Tenniskindergarten in den Osterferien In den Osterferien verwandelte sich die Tennisanlage in einen lebendigen Treffpunkt f\u00fcr sportbegeisterte Kinder: Der Tenniskindergarten&hellip;<\/p>\n","protected":false},"author":1,"featured_media":0,"parent":0,"menu_order":0,"comment_status":"closed","ping_status":"closed","template":"","meta":{"footnotes":""},"class_list":["post-16","page","type-page","status-publish","hentry"],"_links":{"self":[{"href":"https:\/\/tennis.sg-weiterstadt.de\/index.php?rest_route=\/wp\/v2\/pages\/16","targetHints":{"allow":["GET"]}}],"collection":[{"href":"https:\/\/tennis.sg-weiterstadt.de\/index.php?rest_route=\/wp\/v2\/pages"}],"about":[{"href":"https:\/\/tennis.sg-weiterstadt.de\/index.php?rest_route=\/wp\/v2\/types\/page"}],"author":[{"embeddable":true,"href":"https:\/\/tennis.sg-weiterstadt.de\/index.php?rest_route=\/wp\/v2\/users\/1"}],"replies":[{"embeddable":true,"href":"https:\/\/tennis.sg-weiterstadt.de\/index.php?rest_route=%2Fwp%2Fv2%2Fcomments&post=16"}],"version-history":[{"count":160,"href":"https:\/\/tennis.sg-weiterstadt.de\/index.php?rest_route=\/wp\/v2\/pages\/16\/revisions"}],"predecessor-version":[{"id":1850,"href":"https:\/\/tennis.sg-weiterstadt.de\/index.php?rest_route=\/wp\/v2\/pages\/16\/revisions\/1850"}],"wp:attachment":[{"href":"https:\/\/tennis.sg-weiterstadt.de\/index.php?rest_route=%2Fwp%2Fv2%2Fmedia&parent=16"}],"curies":[{"name":"wp","href":"https:\/\/api.w.org\/{rel}","templated":true}]}}